{"id":1534,"date":"2024-06-26T12:01:15","date_gmt":"2024-06-26T10:01:15","guid":{"rendered":"https:\/\/laveremadelcava.c.wetopi.com\/esdeveniments\/celler-miquel-pons\/"},"modified":"2026-08-28T11:07:27","modified_gmt":"2026-08-28T09:07:27","slug":"celler-miquel-pons","status":"publish","type":"mec-events","link":"https:\/\/laveremadelcava.com\/es\/eventos\/celler-miquel-pons\/","title":{"rendered":"Vive el nacimiento del cava, desayuno de vendimia &#038; experiencia inmersiva"},"content":{"rendered":"<blockquote>\n<h1><em><strong>ACTIVIDAD AGOTADA<\/strong><\/em><\/h1>\n<\/blockquote>\n<h3 data-start=\"204\" data-end=\"313\"><strong data-start=\"204\" data-end=\"313\">\u00bfQuieres descubrir c\u00f3mo nace el cava? \u00a1Ven a vivir una experiencia \u00fanica en la bodega Miquel Pons!<\/strong><\/h3>\n<p>Este septiembre te invitamos a descubrir <strong>la magia de la vendimia <\/strong>desde dentro. En <a href=\"https:\/\/www.cavamiquelpons.com\/\" target=\"_blank\" rel=\"noopener\"><strong data-start=\"1006\" data-end=\"1090\">Caves Miquel Pons<\/strong><\/a> abriremos las puertas de una de las \u00e9pocas m\u00e1s emocionantes del a\u00f1o para que puedas vivir, sentir y <strong>probar el nacimiento del cava<\/strong> en primera persona.<\/p>\n<p>Pasea entre vi\u00f1edos cargados de uva, participa en su recogida y sigue su recorrido hasta la bodega. Descubrir\u00e1s c\u00f3mo el fruto del vi\u00f1edo inicia su transformaci\u00f3n y aprender\u00e1s a identificar<strong> los aromas y sensaciones de los primeros mostos de vendimia.<\/strong><\/p>\n<p>La experiencia incluye <strong>un aut\u00e9ntico desayuno de vendimia con productos de proximidad<\/strong>, acompa\u00f1ado de cava, en un entorno privilegiado rodeado de vi\u00f1edos. Para culminar la jornada, disfrutar\u00e1s de una<strong> cata guiada de dos cavas seleccionados de la casa<\/strong>, en la que podr\u00e1s descubrir su riqueza arom\u00e1tica y la esencia del territorio en cada copa.<\/p>\n<p>Una actividad pensada para los amantes del vino y el cava, para las familias y para todas aquellas personas que quieran conectar con <strong>la cultura y las tradiciones del Pened\u00e8s <\/strong>de forma aut\u00e9ntica y participativa.<\/p>\n<p><strong>\u00bfQu\u00e9 incluye?<\/strong><\/p>\n<p>&#8211; Paseo entre vi\u00f1edos e introducci\u00f3n a la vendimia<br \/>\n&#8211; Recogida de uva en el vi\u00f1edo<br \/>\n&#8211; Conocimiento del proceso de entrada y elaboraci\u00f3n en bodega<br \/>\n&#8211; Cata de mostos de vendimia<br \/>\n&#8211; Interpretaci\u00f3n de aromas y primeras fases de transformaci\u00f3n de la uva<br \/>\n&#8211; Desayuno tradicional de vendimia con productos de proximidad y cava<br \/>\n&#8211; Cata guiada de 2 cavas seleccionados de la casa<br \/>\n&#8211; Actividad comentada por el equipo de Caves Miquel Pons<\/p>\n<blockquote>\n<p data-start=\"1586\" data-end=\"1675\"><a href=\"https:\/\/laveremadelcava.com\/es\/actividades\/\"><em><strong>CONSULTA OTRAS ACTIVIDADES<\/strong><\/em><\/a><\/p>\n<\/blockquote>\n<p>&nbsp;<\/p>\n","protected":false},"excerpt":{"rendered":"<p>De 4 a 16 a\u00f1os: 15\u20ac<br \/>De 0 a 3 a\u00f1os: gratuito<\/p>\n","protected":false},"author":2,"featured_media":3333,"comment_status":"closed","ping_status":"closed","template":"","tags":[],"mec_category":[],"class_list":["post-1534","mec-events","type-mec-events","status-publish","has-post-thumbnail","hentry"],"acf":[],"_links":{"self":[{"href":"https:\/\/laveremadelcava.com\/es\/wp-json\/wp\/v2\/mec-events\/1534","targetHints":{"allow":["GET"]}}],"collection":[{"href":"https:\/\/laveremadelcava.com\/es\/wp-json\/wp\/v2\/mec-events"}],"about":[{"href":"https:\/\/laveremadelcava.com\/es\/wp-json\/wp\/v2\/types\/mec-events"}],"author":[{"embeddable":true,"href":"https:\/\/laveremadelcava.com\/es\/wp-json\/wp\/v2\/users\/2"}],"replies":[{"embeddable":true,"href":"https:\/\/laveremadelcava.com\/es\/wp-json\/wp\/v2\/comments?post=1534"}],"wp:featuredmedia":[{"embeddable":true,"href":"https:\/\/laveremadelcava.com\/es\/wp-json\/wp\/v2\/media\/3333"}],"wp:attachment":[{"href":"https:\/\/laveremadelcava.com\/es\/wp-json\/wp\/v2\/media?parent=1534"}],"wp:term":[{"taxonomy":"post_tag","embeddable":true,"href":"https:\/\/laveremadelcava.com\/es\/wp-json\/wp\/v2\/tags?post=1534"},{"taxonomy":"mec_category","embeddable":true,"href":"https:\/\/laveremadelcava.com\/es\/wp-json\/wp\/v2\/mec_category?post=1534"}],"curies":[{"name":"wp","href":"https:\/\/api.w.org\/{rel}","templated":true}]}}

<blockquote>
<h1><em><strong>ACTIVIDAD AGOTADA</strong></em></h1>
</blockquote>
<h3 data-start="204" data-end="313"><strong data-start="204" data-end="313">¿Quieres descubrir cómo nace el cava? ¡Ven a vivir una experiencia única en la bodega Miquel Pons!</strong></h3>
<p>Este septiembre te invitamos a descubrir <strong>la magia de la vendimia </strong>desde dentro. En <a href="https://www.cavamiquelpons.com/" target="_blank" rel="noopener"><strong data-start="1006" data-end="1090">Caves Miquel Pons</strong></a> abriremos las puertas de una de las épocas más emocionantes del año para que puedas vivir, sentir y <strong>probar el nacimiento del cava</strong> en primera persona.</p>
<p>Pasea entre viñedos cargados de uva, participa en su recogida y sigue su recorrido hasta la bodega. Descubrirás cómo el fruto del viñedo inicia su transformación y aprenderás a identificar<strong> los aromas y sensaciones de los primeros mostos de vendimia.</strong></p>
<p>La experiencia incluye <strong>un auténtico desayuno de vendimia con productos de proximidad</strong>, acompañado de cava, en un entorno privilegiado rodeado de viñedos. Para culminar la jornada, disfrutarás de una<strong> cata guiada de dos cavas seleccionados de la casa</strong>, en la que podrás descubrir su riqueza aromática y la esencia del territorio en cada copa.</p>
<p>Una actividad pensada para los amantes del vino y el cava, para las familias y para todas aquellas personas que quieran conectar con <strong>la cultura y las tradiciones del Penedès </strong>de forma auténtica y participativa.</p>
<p><strong>¿Qué incluye?</strong></p>
<p>&#8211; Paseo entre viñedos e introducción a la vendimia<br />
&#8211; Recogida de uva en el viñedo<br />
&#8211; Conocimiento del proceso de entrada y elaboración en bodega<br />
&#8211; Cata de mostos de vendimia<br />
&#8211; Interpretación de aromas y primeras fases de transformación de la uva<br />
&#8211; Desayuno tradicional de vendimia con productos de proximidad y cava<br />
&#8211; Cata guiada de 2 cavas seleccionados de la casa<br />
&#8211; Actividad comentada por el equipo de Caves Miquel Pons</p>
<blockquote>
<p data-start="1586" data-end="1675"><a href="https://laveremadelcava.com/es/actividades/"><em><strong>CONSULTA OTRAS ACTIVIDADES</strong></em></a></p>
</blockquote>
<p>&nbsp;</p>

<p>De 4 a 16 años: 15€<br />De 0 a 3 años: gratuito</p>
