{"id":1539,"date":"2024-06-13T12:09:43","date_gmt":"2024-06-13T10:09:43","guid":{"rendered":"https:\/\/laveremadelcava.c.wetopi.com\/esdeveniments\/joan-segura-pujadas\/"},"modified":"2026-07-07T17:19:21","modified_gmt":"2026-07-07T15:19:21","slug":"joan-segura-pujadas","status":"publish","type":"mec-events","link":"https:\/\/laveremadelcava.com\/es\/eventos\/joan-segura-pujadas\/","title":{"rendered":"Vendimia y pisado de uva en el Pened\u00e8s de altura"},"content":{"rendered":"<h3 data-start=\"201\" data-end=\"290\"><strong>Vive una jornada \u00fanica entre vi\u00f1edos y descubre la vendimia tal y como se hac\u00eda antiguamente en Joan Segura Pujadas.<\/strong><\/h3>\n<p data-start=\"1213\" data-end=\"1307\">Te invitamos a realizar un viaje en el tiempo al <strong>Pened\u00e8s de altura<\/strong>, rodeado de naturaleza, monta\u00f1a y con las impresionantes vistas de Montserrat al horizonte.<\/p>\n<p data-start=\"1213\" data-end=\"1307\">El encuentro ser\u00e1 a las 10 h en la Mas\u00eda La Torreta, una emblem\u00e1tica mas\u00eda del 1714 restaurada con encanto, donde le daremos la bienvenida y le facilitaremos todo lo necesario para iniciar una aut\u00e9ntica experiencia de <strong>vendimia tradicional.<\/strong><\/p>\n<p data-start=\"1213\" data-end=\"1307\">Despu\u00e9s de cosechar las uvas, <strong>pasearemos entre vi\u00f1edos<\/strong> para descubrir las particularidades del Pened\u00e8s de altura, su paisaje y su viticultura. Durante el recorrido realizaremos una primera parada de degustaci\u00f3n para saborear los vinos y cavas de <a href=\"https:\/\/www.instagram.com\/cava_joansegura\/\" target=\"_blank\" rel=\"noopener\">Joan Segura Pujadas<\/a> en un entorno privilegiado.<\/p>\n<p data-start=\"1213\" data-end=\"1307\">A continuaci\u00f3n llegar\u00e1 uno de los momentos m\u00e1s esperados del d\u00eda: la<strong> tradicional pisada de uva,<\/strong> una actividad divertida y participativa que nos conecta con las ra\u00edces de la cultura vin\u00edcola.<\/p>\n<p data-start=\"1213\" data-end=\"1307\">Para recuperar fuerzas, <strong>disfrutaremos de un completo desayuno de pay\u00e9s<\/strong>, siempre acompa\u00f1ado de los cavas de la bodega y de mosto para los m\u00e1s peque\u00f1os. Una experiencia pensada para compartir, aprender y disfrutar de la vendimia en familia o amigos.<\/p>\n<p data-start=\"1309\" data-end=\"1410\"><strong data-start=\"1309\" data-end=\"1410\">\u00a1Las plazas son limitadas y vuelan! Reserva ya tu entrada y prep\u00e1rate para una ma\u00f1ana inolvidable.<\/strong><\/p>\n<blockquote>\n<p data-start=\"1586\" data-end=\"1675\"><a href=\"https:\/\/laveremadelcava.com\/es\/actividades\/\"><em><strong>CONSULTA OTRAS ACTIVIDADES<\/strong><\/em><\/a><\/p>\n<\/blockquote>\n","protected":false},"excerpt":{"rendered":"<p>De 6 a 17 a\u00f1os: 25\u20ac<br \/>De 0 a 5 a\u00f1os: gratuito<\/p>\n","protected":false},"author":2,"featured_media":2553,"comment_status":"closed","ping_status":"closed","template":"","tags":[],"mec_category":[],"class_list":["post-1539","mec-events","type-mec-events","status-publish","has-post-thumbnail","hentry"],"acf":[],"_links":{"self":[{"href":"https:\/\/laveremadelcava.com\/es\/wp-json\/wp\/v2\/mec-events\/1539","targetHints":{"allow":["GET"]}}],"collection":[{"href":"https:\/\/laveremadelcava.com\/es\/wp-json\/wp\/v2\/mec-events"}],"about":[{"href":"https:\/\/laveremadelcava.com\/es\/wp-json\/wp\/v2\/types\/mec-events"}],"author":[{"embeddable":true,"href":"https:\/\/laveremadelcava.com\/es\/wp-json\/wp\/v2\/users\/2"}],"replies":[{"embeddable":true,"href":"https:\/\/laveremadelcava.com\/es\/wp-json\/wp\/v2\/comments?post=1539"}],"wp:featuredmedia":[{"embeddable":true,"href":"https:\/\/laveremadelcava.com\/es\/wp-json\/wp\/v2\/media\/2553"}],"wp:attachment":[{"href":"https:\/\/laveremadelcava.com\/es\/wp-json\/wp\/v2\/media?parent=1539"}],"wp:term":[{"taxonomy":"post_tag","embeddable":true,"href":"https:\/\/laveremadelcava.com\/es\/wp-json\/wp\/v2\/tags?post=1539"},{"taxonomy":"mec_category","embeddable":true,"href":"https:\/\/laveremadelcava.com\/es\/wp-json\/wp\/v2\/mec_category?post=1539"}],"curies":[{"name":"wp","href":"https:\/\/api.w.org\/{rel}","templated":true}]}}

Vendimia y pisado de uva en el Penedès de altura

<h3 data-start="201" data-end="290"><strong>Vive una jornada única entre viñedos y descubre la vendimia tal y como se hacía antiguamente en Joan Segura Pujadas.</strong></h3>
<p data-start="1213" data-end="1307">Te invitamos a realizar un viaje en el tiempo al <strong>Penedès de altura</strong>, rodeado de naturaleza, montaña y con las impresionantes vistas de Montserrat al horizonte.</p>
<p data-start="1213" data-end="1307">El encuentro será a las 10 h en la Masía La Torreta, una emblemática masía del 1714 restaurada con encanto, donde le daremos la bienvenida y le facilitaremos todo lo necesario para iniciar una auténtica experiencia de <strong>vendimia tradicional.</strong></p>
<p data-start="1213" data-end="1307">Después de cosechar las uvas, <strong>pasearemos entre viñedos</strong> para descubrir las particularidades del Penedès de altura, su paisaje y su viticultura. Durante el recorrido realizaremos una primera parada de degustación para saborear los vinos y cavas de <a href="https://www.instagram.com/cava_joansegura/" target="_blank" rel="noopener">Joan Segura Pujadas</a> en un entorno privilegiado.</p>
<p data-start="1213" data-end="1307">A continuación llegará uno de los momentos más esperados del día: la<strong> tradicional pisada de uva,</strong> una actividad divertida y participativa que nos conecta con las raíces de la cultura vinícola.</p>
<p data-start="1213" data-end="1307">Para recuperar fuerzas, <strong>disfrutaremos de un completo desayuno de payés</strong>, siempre acompañado de los cavas de la bodega y de mosto para los más pequeños. Una experiencia pensada para compartir, aprender y disfrutar de la vendimia en familia o amigos.</p>
<p data-start="1309" data-end="1410"><strong data-start="1309" data-end="1410">¡Las plazas son limitadas y vuelan! Reserva ya tu entrada y prepárate para una mañana inolvidable.</strong></p>
<blockquote>
<p data-start="1586" data-end="1675"><a href="https://laveremadelcava.com/es/actividades/"><em><strong>CONSULTA OTRAS ACTIVIDADES</strong></em></a></p>
</blockquote>

<p>De 6 a 17 años: 25€<br />De 0 a 5 años: gratuito</p>
